). What is the highest common divisor of u and 170?
34
Let r be (-6)/(-4)*6*(-4)/6. Let s be 77 + 6/(-6) + r. What is the highest common divisor of 70 and s?
70
Suppose 39780 = 127*l - 76*l. What is the greatest common divisor of l and 234?
78
Let g = 5367 + 1302. Suppose 0 = -37*z + g + 8353. What is the highest common divisor of z and 116?
58
Suppose 4*p = -497*v + 494*v + 451, 3*v + p = 457. Calculate the highest common divisor of 333 and v.
9
Let f(h) = -h**3 - h**2 + h + 372. Let a = 727 - 727. Let n be f(a). What is the highest common divisor of 48 and n?
12
Suppose 0 = -3*w - 3*w + 204. Suppose -w = -3*v - 28. Suppose 4*n - 144 = 3*y - 47, -v = -2*y. What is the greatest common divisor of 25 and n?
25
Let o = 15085 - 15049. What is the highest common divisor of 8406 and o?
18
Suppose -18*y + 4*g = -584, 26*y - 88 = 23*y - 4*g. Let w be (-2)/((-234)/231 + 1). Suppose -w = -5*z + 246. What is the greatest common factor of z and y?
16
Suppose 0 = -5*i - 2*l - 3*l - 1805, 2*l = -i - 362. Let b be (20/30)/((-4)/i). What is the highest common factor of b and 270?
30
Suppose -31*c + 36*c - 5*o - 65 = 0, -4*c - 2*o = -28. What is the highest common divisor of 23328 and c?
9
Suppose 41613 = 112*a - 15*a. What is the highest common divisor of 1053 and a?
39
Let w be ((-5)/(25/35) - -2)/(-1). Suppose 5*n + 85 = 7*k - w*k, -61 = -2*k - 3*n. Calculate the greatest common divisor of 10 and k.
5
Let i = 17159 - 17053. What is the highest common divisor of i and 11342?
106
Let s = 3689 + -3419. Calculate the highest common divisor of s and 930.
30
Suppose 0 = 4*k - 16, 0 = b - 0*k + 4*k - 38. Let d = 24 - b. Suppose -d*g - 6 = -34. What is the greatest common factor of g and 196?
14
Suppose -262 = -2*p - 5*b, 5*p + 4*b - 2*b = 634. Let r(a) = 2843*a + 11400. Let m be r(-4). Calculate the highest common divisor of m and p.
14
Let u(l) be the first derivative of 3*l**2/2 + 41*l + 18. Let m be u(-13). Suppose m*y = 7*y - 315. What is the greatest common divisor of 7 and y?
7
Let z be 1 + -9 - -28 - -2. Calculate the highest common factor of z and 5126.
22
Suppose 0 = 6*a + 1389 + 501. Let k be a*(3 - 88/24). Calculate the highest common factor of k and 84.
42
Let t be ((-4)/6)/(8/84) + 64. What is the highest common divisor of t and 8607?
57
Suppose d + 3*i - 102 = -0*d, 195 = 2*d + 3*i. Suppose -32*a - d = -35*a. Calculate the greatest common divisor of 62 and a.
31
Suppose 42*l + 5*q = 43*l - 1426, 4*q + 8 = 0. What is the greatest common factor of l and 531?
177
Suppose 2*p - 593 = 5*c, 3*c = 4*c + 1. Suppose -37*z + 16 = -39*z. Let w be (-1690)/(-40) + 2/z. Calculate the greatest common divisor of w and p.
42
Let r be (-3703)/(-21) + (-2)/6 + -2. Suppose -r = -2*u + 50. What is the greatest common divisor of u and 140?
28
Suppose -999*n + 5*v = -1000*n + 91, -5*v = 15. What is the highest common divisor of n and 18338?
106
Let k(i) = 13*i**3 + 10*i**2 - 8*i + 41. Let c be k(4). What is the highest common divisor of c and 28?
7
Let l(n) = -n**2 - 175*n - 6266. Let q be l(-65). Calculate the highest common divisor of q and 612.
68
Let c = -797 + 149. Let w = 816 + c. What is the greatest common factor of 112 and w?
56
Suppose 4*n + 20 = 0, -j + 5*n + 498 - 101 = 0. Suppose -491*w + j = -487*w. Calculate the greatest common divisor of 124 and w.
31
Let b = -160 + 36. Let o = b + -3. Let t = -91 - o. Calculate the greatest common factor of t and 4.
4
Suppose 51*b - 48*b = -5*l + 85, 4*l + 94 = 3*b. Calculate the highest common factor of 14970 and b.
30
Suppose 29 = -3*b - 52. Let z be 8/(-36) + 0 - 60/b. Let u be ((-1)/z)/((-8)/176). Calculate the highest common divisor of 143 and u.
11
Suppose 16*d - 4*i - 1712 = 0, 3*d = -2*i - 12 + 344. Suppose 4*p = -5*n + 618, -4*n + 2*n + p + 255 = 0. Calculate the highest common divisor of d and n.
18
Let u be (-32)/(-6)*3393/174. Calculate the greatest common factor of 702 and u.
26
Let a be (-19 + (-26505)/(-38))*(9 - 1). Calculate the greatest common factor of a and 92.
92
Let p be 42*(-20)/(400/(-30)). What is the greatest common divisor of 153 and p?
9
Suppose -46 = -n + 2*u, -3*n - u + 150 = -3*u. Suppose -n - 83 = -5*s. Let q = 29110 - 28921. Calculate the highest common divisor of q and s.
27
Let z = 49 - 27. Let w(j) be the second derivative of 11*j**5/2 + j**3/6 - j**2/2 + 41*j + 1. Let h be w(1). What is the greatest common divisor of h and z?
22
Let c be 10 + (-1 - (0 - -4))/1. Suppose -266 = c*i - 326. Calculate the greatest common factor of 3 and i.
3
Let k be (80/(-15))/(-2)*6. Let h be -20*2*(-44)/k. Calculate the highest common divisor of h and 10.
10
Let t(j) = 27*j**2 + 9*j - 7. Let b be t(1). What is the highest common factor of b and 3509?
29
Let m be (4 - -26 - -1)*3. Let i be ((-3)/(-2))/((-9)/(-84)). Let r be (248/28)/(2/i). Calculate the highest common factor of m and r.
31
Let u(t) = -5*t + 75. Let f(w) = 26*w - 380. Let v(a) = 3*f(a) + 14*u(a). Let x be v(12). Calculate the highest common factor of x and 78.
6
Suppose 114*d + 1536 = 126*d. What is the highest common factor of d and 864?
32
Suppose 18*y - 1860 = 12*y. Suppose -t - 158 = -2*v, 0 = -4*v + 8*t - 3*t + y. What is the highest common divisor of 10 and v?
10
Let u(z) = z**3 + 22*z**2 + 52*z + 7. Let y be u(-3). Let n(f) = -45*f - 1. Let j be n(-1). Calculate the highest common divisor of j and y.
22
Let k = -64 - -68. Let y be (-210)/(-60) + 2/k. Suppose 2*s = -i + 3, -3*i + y = 4*s - 3. What is the highest common divisor of i and 12?
1
Let k = 30 + 615. Suppose 185*y + 835 - 3610 = 0. What is the highest common factor of k and y?
15
Suppose -l + 33 = 4*x - 6*l, 27 = x - 5*l. Suppose z = -4*z + 3*t + 2744, 0 = x*z - 3*t - 1094. Calculate the greatest common divisor of 50 and z.
50
Suppose -186 = -5*s - 3*f, -1547*f + 1548*f - 73 = -2*s. Calculate the highest common factor of s and 2893.
11
Suppose 1490 = 3*r - 2*v, 4*r - 1964 = -20*v + 17*v. What is the highest common divisor of 884 and r?
26
Let k = 628 + -608. Calculate the greatest common factor of k and 1780.
20
Suppose 573*p - 30888 = 560*p. Calculate the highest common factor of 22 and p.
22
Suppose 0 = 2*j - 284 - 16. Let o be (0 - 1 - -21) + -18 + 10. What is the highest common factor of o and j?
6
Let l be ((-15)/(-5))/((-1)/(-20)*2). Let n be (3 + -5)/((-8)/240). Calculate the greatest common factor of n and l.
30
Let a = 187 - 217. Let f be 53 + ((-3)/5 - (-12)/a). What is the highest common factor of 572 and f?
52
Suppose -9*d = -125 - 631. What is the greatest common factor of 147 and d?
21
Suppose 153 - 3534 = -23*h. Let l be 1 - (-11 - (9 - 7)). Calculate the greatest common divisor of h and l.
7
Let g be ((-99)/(-2))/(-33) - (-115)/2. What is the greatest common factor of 32 and g?
8
Let p(n) = -2*n**3 - 2*n**2 - 2*n - 4. Let w be p(-2). Let s be 8*(100/w + -3). Let x = s - 68. What is the greatest common factor of x and 2?
2
Suppose 0 = 40*i - 280 - 840. What is the highest common factor of i and 108?
4
Let y(g) = 17*g**3 - 14*g**2 - 27*g + 49. Let z be y(2). Calculate the greatest common divisor of 5925 and z.
75
Let z(w) = 7*w**2 + 3*w + 2. Let m be z(-10). Suppose -8*v + 6*v + 4 = 0. Let h be m/30 + v/(-5). Calculate the greatest common divisor of 2 and h.
2
Suppose k = 2*r - 26431, 2*r + 11174 - 37570 = -4*k. What is the highest common divisor of 9 and r?
9
Suppose 8*r - 416 = -0*r. Let v be (4/14)/(3/21) - -2. What is the greatest common divisor of v and r?
4
Let y(b) = -b**3 + 28*b**2 + b - 22. Suppose -14*r + 17*r - 84 = 0. Let n be y(r). What is the highest common factor of 138 and n?
6
Let c = 3 + -2. Let k be ((-28)/8)/(c/(-30)). Let o be (4 + 90/(-25))*k. Calculate the highest common divisor of o and 28.
14
Let q = -39 + 43. Suppose -q*g = -0*g - 104. Suppose -4*v + 3*o = o - 164, 2*o = -8. What is the greatest common factor of v and g?
13
Let u be 2*(-14 - (-9503)/26). Calculate the greatest common factor of u and 74.
37
Let a(t) = -51*t - 35. Let g be a(-6). Suppose 2*f - 299 = g. What is the greatest common factor of f and 15?
15
Let m(x) = -2*x**3 - 24*x**2 - 58*x + 29. Let v be m(-9). Calculate the highest common factor of 637 and v.
13
Suppose 4627 - 14155 = -12*c. Suppose -158 - c = -17*n. Calculate the greatest common factor of n and 40.
8